 4, 4*f + 77 = l + 2*l. Let m(k) = -k**2 - 4*k. Let i be m(-5). Let b = 41 + i. What is the remainder when b is divided by l?
17
Let j be 4/6 - (-18)/(-27). Suppose j*y + 5 = y. Calculate the remainder when 18 is divided by y.
3
Let f = 13 + 16. Calculate the remainder when f is divided by 10.
9
Suppose 6 = u - 16. Let b = 6 + -6. Suppose -y = 3*z, -2*y - 4*z + 8 + 0 = b. What is the remainder when u is divided by y?
10
What is the remainder when 65 is divided by ((-44)/(-6) - 0)*9/2?
32
Suppose -2*d + 0*d + 54 = 0. What is the remainder when d is divided by 7?
6
Suppose 32 = 4*s - 36. Let b be 2 - 3 - (-1 - 1). What is the remainder when s is divided by (b + 8)/(0 - -1)?
8
Calculate the remainder when 0 - (54/(-3) + 4) is divided by 8.
6
Let b = 1 + 4. Suppose 0 = -5*n - 3*a + b*a + 94, 4*n = -3*a + 66. What is the remainder when n is divided by 10?
8
Suppose -2*t = 3*v - 10, 3*t - 7*t - 5*v + 18 = 0. Suppose -50 = -4*q + 3*q - j, 0 = -t*q - 4*j + 102. What is the remainder when q is divided by 17?
15
Let k = -5 - -5. Suppose -a + l + 30 = k, -3*a - 4*l = -a - 90. Suppose s - 60 = -4*s. Calculate the remainder when a is divided by s.
11
Suppose -3*k + 14 = -4*r, -2*r - 2 = -0*k + k. Suppose 0 = -5*b + 3*h - 0*h - 52, -k*b - 21 = -h. Let n = 4 - b. What is the remainder when 29 is divided by n?
14
Let j(k) = k**2 - 7*k + 8. Let w be j(6). Suppose -7 - w = -3*t. Suppose t*i - 17 = 16. Calculate the remainder when 31 is divided by i.
9
Let z = -4 - -17. What is the remainder when 88 is divided by z?
10
Let p = -89 + 195. What is the remainder when p is divided by 27?
25
What is the remainder when 51 is divided by 111/9 + 10/15?
12
Calculate the remainder when 64 is divided by -15 - -38 - (-1 + -2).
12
Calculate the remainder when (-2050)/(-90) + (4/18 - 0) is divided by 13.
10
Let s(i) = -i**2 + 3*i + 7. Let l be s(6). Let n = l - -48. Let m = 31 - 18. Calculate the remainder when n is divided by m.
11
Let s = -20 - -29. Let b = -48 - -64. Calculate the remainder when b is divided by s.
7
Suppose 0 = -3*b - a + 78 - 33, 5*a = -5*b + 65. Calculate the remainder when 38 is divided by b.
6
Let w = -25 + 35. Let r(h) = 28*h**2 + 4*h + 2. Calculate the remainder when r(-1) is divided by w.
6
Let m = -27 - -46. Calculate the remainder when m is divided by 5.
4
Let v(t) = t**2 - 14*t - 42. Calculate the remainder when v(17) is divided by 2.
1
Let m(u) = u**2 + 11*u - 4. What is the remainder when m(-17) is divided by 33?
32
Let x = 4 - 2. Suppose 15*y - 12*y - 15 = 0. What is the remainder when y is divided by x?
1
What is the remainder when 77 is divided by (-4)/10 - (-306)/15?
17
Calculate the remainder when 12 is divided by 3/(-4 + -2)*-14.
5
Let s be (36/(-15))/(4/(-10)). Suppose p = s*p - 25. What is the remainder when 19 is divided by p?
4
Let j = -17 - -30. Let l(n) = n**3 - 4*n**2 - 2*n + 3. Let q be l(4). Let z = j + q. Calculate the remainder when z is divided by 3.
2
Let p(d) = -d + 7. Let k(t) = -2*t - 12. Let q be k(-8). What is the remainder when 18/4 + (-5)/10 is divided by p(q)?
1
Suppose -5*r - 104 + 337 = 2*g, -2*r + 2*g + 96 = 0. What is the remainder when r is divided by 24?
23
Let q(d) = -d + 10. Let s(i) = i**3 - 4*i**2 + 3*i - 5. Calculate the remainder when s(4) is divided by q(7).
1
Let c be (8/(-14))/(14/(-49)). Suppose c*g - 69 = -g. Calculate the remainder when g is divided by 6.
5
Let j be 6 - (5 + (-1 - 1)). Suppose -2*f + 3*v + 122 = j*f, -4*f - 4*v + 72 = 0. What is the remainder when f is divided by 12?
10
Suppose 0 = 2*m - 2 - 4. Let f be 10/(-3)*6/(-4). Suppose -n + 2 + f = 0. Calculate the remainder when n is divided by m.
1
Calculate the remainder when 45 is divided by (-24)/9*(-9)/2.
9
Let v be (2 + 0 - -3) + -3. Let q be (0/(-4))/(v/1). Suppose -4*z + 70 - 14 = q. Calculate the remainder when z is divided by 8.
6
Suppose 4*j = 66 + 46. Calculate the remainder when 55 is divided by j.
27
Let v = 19 - 4. What is the remainder when 59 is divided by v?
14
Let r be 4/28 + 384/7. Let a = r + 27. Calculate the remainder when a is divided by 21.
19
Let d be (-3)/(-12)*0 + 177. Calculate the remainder when (d/12)/((-1)/(-4)) is divided by 15.
14
Let f = -43 + 72. Suppose 3*h + 9 = 2*h. What is the remainder when f is divided by (6/h)/((-2)/30)?
9
Suppose 6*b = -3*l + b, 2*l + 4*b = 0. Suppose -64 = -3*a + a. Suppose l*c = -4*c + a. What is the remainder when 23 is divided by c?
7
Suppose 0*q + r = q + 2, -5*q - 2*r = -11. Suppose 2*n = -q + 5. Suppose x - 46 = -n. Calculate the remainder when x is divided by 15.
14
Suppose 11*o + 146 = 13*o. Calculate the remainder when o is divided by 26.
21
Let l be 0*(-2 + (-7)/(-3)). Suppose 5*b + 0*b + 3*a - 62 = l, 4*a - 61 = -5*b. Calculate the remainder when 38 is divided by b.
12
Let v = 12 + 58. What is the remainder when (4 + -1)*v/15 is divided by 4?
2
Let k be (3 + 0)*(-8)/(-24). Suppose -k + 14 = m. What is the remainder when 36 is divided by m?
10
Suppose -2*n + 422 = -0*n. Suppose 3*u + 744 = -5*o, u + 4*u - 10 = 0. Let x = o + n. Calculate the remainder when x is divided by 21.
19
Let j(w) = w - 12. Let m be j(10). What is the remainder when 16 - (-3 + 3 + m) is divided by 10?
8
Suppose 3*k = -3, 2*k + 254 = 6*c - 2*c. Calculate the remainder when c is divided by 13.
11
Calculate the remainder when (-51)/(-1) - (-4 - -3) is divided by 14.
10
Let x(f) = f**2 - f - 2. Calculate the remainder when x(-6) is divided by 21.
19
Let n = -3 + 6. Suppose 8*o - n*o + a = 37, -4*o + 18 = -5*a. What is the remainder when 9 - (-3)/(3/3) is divided by o?
5
Let n(r) = -3*r + 2*r**2 + r**3 + r**2 - 8 + 5*r**2. What is the remainder when 30 is divided by n(-8)?
14
What is the remainder when 107 is divided by 22/8*(-26 - -30)?
8
Suppose -3*m - 2*m = 5. Calculate the remainder when 56 is divided by m/(2/3)*-10.
11
Let w = -27 - -52. Calculate the remainder when 124 is divided by w.
24
Let h = 20 + -12. Suppose z - 3 = h. What is the remainder when 20 is divided by z?
9
Suppose -19 = -4*s + 3*s. What is the remainder when 75 is divided by s?
18
Suppose -3*s = -10 - 8. Suppose s = -0*m + 3*m. Suppose 3*d - 1 = m. Calculate the remainder when 2 is divided by d.
0
Let w = 11 + 22. Suppose 2*y - w = -11. Calculate the remainder when y is divided by (-2)/5*(1 - 11).
3
Let f(n) = n**2 - 2*n - 4. Suppose b = -8 + 2. Let t = 0 - b. What is the remainder when f(-3) is divided by t?
5
Suppose 0 = 2*u - 9 - 33. Let w = u - 7. Suppose j = 3*n - 99 + w, -4*n + 114 = -j. Calculate the remainder when n is divided by 10.
9
Let z(d) = -4*d - 2. Let t be z(-2). Suppose 2*c - u - 34 = -t*u, -5*u = -3*c + 26. Suppose -c - 24 = -3*x. What is the remainder when 46 is divided by x?
10
Let q = 112 + -76. Suppose -83 - 12 = -5*v. Calculate the remainder when q is divided by v.
17
Suppose t - 3*b - 37 = -3*t, 5*b - 38 = -t. Let q = 1 - 3. Calculate the remainder when q/(-6) - 272/(-12) is divided by t.
10
What is the remainder when 46 is divided by 6 - 5 - (-8 + -3)?
10
Suppose 10 = j + 4*j. Suppose j*u - 14 = 3*d, -4*u + 3*d = 2*d - 28. Calculate the remainder when u is divided by 5.
2
What is the remainder when (473/(-33))/((-1)/3) is divided by 22?
21
Let b(k) = 2*k - 4. Let v be b(3). Calculate the remainder when 23 is divided by 5/(20/44) + v.
10
Suppose 2*y = 52 + 18. Calculate the remainder when y is divided by 12.
11
Let d = 180 + -124. Suppose 3*f + 1 + 5 = 0, -2*r = -2*f - d. What is the remainder when r is divided by 14?
12
Let k(w) = -w**3 + 6*w**2 + 11*w - 6. What is the remainder when k(7) is divided by 14?
8
Suppose -4*h = 2*b - 390, 7*h = 4*h - 4*b + 295. Calculate the remainder when h is divided by 25.
22
Let c(v) = -v**3 + 4*v**2 + 2. Let p(d) = -d**3 + 5*d**2 + d - 4. Let i be p(4). Calculate the remainder when (-2)/(-1*1/i) is divided by c(3).
10
Let a(c) = c**2 - 2*c. Let l be a(3). Suppose -5*b + l*b + 2 = 0. Suppose g - 10 = b. What is the remainder when 32 is divided by g?
10
Suppose -3*i = 18 - 165. What is the remainder when i is divided by 17?
15
Let r = -3 - -8. Suppose 0 = r*z - 5, 4*x + 5*z - 101 + 32 = 0. Suppose -5*j - l - x + 68 = 0, 5*j = -5*l + 40. What is the remainder when j is divided by 4?
3
Suppose 3*c - 3*t + 9 = -c, 3*c + 5*t = 15. Let z be 6/(-1 - (c + -3)). Suppose z*q -